 9 - (-17 + 22))
-71
Evaluate 10 + (37 - -67) + 18.
132
(0 - -14 - 3) + -8 + (1 - 8)
-4
(-1 - 5) + (-1 - -4 - ((-15 - -6) + 15))
-9
What is (-769 - -776) + -7 + (1 - 5)?
-4
Calculate (1 - 11) + (46 - 22) + -39.
-25
12 - (11 + -12) - 24
-11
What is -14 + 24 + (-8 + 5 + 2 - (-41 + 1))?
49
-54 - ((13 + -11 + 6 - 9) + -7) - -8
-38
Evaluate (-25 - -14) + (-63 - 22).
-96
What is (23 - -59 - 27) + (-16 - 1)?
38
Calculate 98 + -112 + (0 - -26) + (-1 - -5).
16
What is -43 + (-17 - (13 - (1 - -21)))?
-51
Calculate -70 - ((71 - 159) + -9).
27
What is the value of (65 + -109 - -69) + -20?
5
What is 230 + -247 + (-2 - 6) - 5?
-30
92 + (6 - 0 - 11) - (37 + (-29 - 16))
95
55 + (-47 - 9 - -73) + -38 + 2
36
What is the value of 7 + -1 + 0 + (27 - (-3 + 22))?
14
-491 - -501 - (5 + -1 + (-1 - 0)) - -49
56
113 - 41 - (5 + 5 + -3 + 5)
60
What is the value of -23 - 3 - (15 + -7 + 3)?
-37
What is the value of 10 + (-3 - (6 + 0 + -2 + (594 - 606)))?
15
Evaluate 4 - ((43 - 14) + -16 - 17) - (8 + -1).
1
Calculate (-6 - (10 - 52)) + -5 - (5 + -17 + 2).
41
What is 17 - (66 + -45 + -39)?
35
-65 + (-167 - -172) - (-24 + 1)
-37
What is -377 + 350 + -2 + 5 + -15?
-39
1 + 2 + (-1 - (16 + 4 - 34))
16
What is 2 - ((14 - 10) + 1) - (1 + 17 - -2)?
-23
What is the value of 11 + -63 + -6 + 7 + (16 - 10)?
-45
(22 - (-2 - (-5 - 5))) + -28 + 23
9
What is the value of -53 - ((-4 - 10) + -1 + -7 + 16)?
-47
Calculate 15 + -6 + 2 - (-7 - (-6 - -1) - 16).
29
What is -40 - (5 + -2 + (9 - 0 - 21) + 7)?
-38
Evaluate 121 + -143 + -1 + -6 + (4 - 7) - -4.
-28
Evaluate (-7 - ((5 - -3) + -3)) + (3 - -43).
34
What is the value of 57 - (432 - 343) - (-2 + 1 - -17)?
-48
Evaluate (63 - (-24 - -35)) + -4.
48
-10 - -20 - (-13 + (1 - 2) - -5 - 4)
23
What is (-4 - 21) + 15 + (-12 - 34)?
-56
What is the value of (-1 - -2) + -2 + -52 + 87 + -61 + -23?
-50
Calculate (44 - 23) + 21 - (-29 + -1).
72
What is the value of -11 + (55 - (19 - -7)) + 24?
42
Calculate (-9 + -3 - -11) + 2 - (14 + -50).
37
-12 + 3 + 5 + -20 + -25
-49
Evaluate (15 - (34 + -17 + -5)) + -15.
-12
What is 3 + (-8 + -3 + 29 - 1)?
20
What is (-9 - -7) + 85 + (31 - 18 - 19) - 6?
71
What is the value of 9 + 2 - ((-55 - -29) + -2)?
39
What is 6 + 16 + -130 - (8 + -38)?
-78
Calculate (216 - 208) + -1 + -6 - (2 - -1 - -21).
-23
What is 1 + 6 - 0 - (5298 - 5231) - -8?
-52
What is the value of (0 - (5 + -7) - -55) + 120 + -125?
52
What is the value of 3 + -1 - 2 - ((-22 - -50 - 56) + 39)?
-11
-24 - -8 - -9 - -39 - -34
66
Calculate 1 + (-2 - (-73 - (-23 - -13))).
62
What is the value of -17 - (-133 - (-275 + 63))?
-96
What is the value of -1 + 1 + ((-40 - -87) + -8 - -12)?
51
Evaluate (13 - 10) + -11 + (-1 - 4).
-13
-3 + (53 - 21 - 13) + -35
-19
(3 + -8 - 10) + -26 - 4
-45
Evaluate 90 + (35 - (52 - -13) - -2).
62
Evaluate 15 - 46 - (-140 + 153).
-44
What is the value of 16 + (7 - 15) - (-61 - -8 - -14)?
47
Evaluate -22 + (94 - 119 - (-3 + 30)).
-74
Evaluate -3 + (-8 - -13) + (-28 - -42) + 73.
89
What is 15 + (-178 - -34) + 47?
-82
What is (-22 - -42) + 40 - 26?
34
Evaluate -1513 + 1495 - (5 + 1).
-24
Calculate 11 + 4 + (-14 - 13) - -30 - -15.
33
What is 1 + -33 - (90 - (26 - -79))?
-17
What is the value of (-52 - 28) + 94 + (-63 - -1)?
-48
Evaluate (91 + -12 - 62) + -86.
-69
(22 - ((-4 - -6) + 1)) + -23
-4
What is the value of 42 - (-27 - (-39 + -2))?
28
What is -168 + 207 - (24 + 2) - 8?
5
What is the value of 132 + (-130 - -17) - -107?
126
209 - 121 - 70 - (9 - (0 - -1))
10
Calculate (-10 + 0 - (-2 - (26 - -1))) + (-5 - 3).
11
Evaluate -12 - ((28 - 25 - (1 - -2)) + 2).
-14
Evaluate 3 + -4 + 1 + -98 - (44 + 1 + -56).
-87
Calculate -5 + 2 + -1 + (80 - 88).
-12
-28 + (-17 - -42) + 43 + 80
120
Evaluate 77 - (-9 - (2 + -56)).
32
(110 - 88) + -3 + -43
-24
What is -40 - -61 - (-10 - 41) - 24?
48
Calculate 5 - (14 + (5 - (-24 - (2 - 6)))).
-34
What is the value of 35418 + -35466 + -94 + -1 + 2?
-141
Calculate -85 - 1 - (19 - (-25 - -46 - -15 - 25)).
-94
What is 1016 - 998 - (-2 + 42 + -6)?
-16
What is (-31 - -50) + (-148 - -119)?
-10
What is the value of (-131 + 151 - (-6 + 36)) + -19?
-29
Evaluate 9 - 20 - (-7 + 4) - (-53 - 2).
47
12 + (-107 - -89) + 8 + -1 + 75
76
Calculate -14 - (30 + -23) - -92 - (2 + -3).
72
What is the value of 59 + -38 - (0 + 3) - -9?
27
What is 9 - -1 - (-91 - (-128 - -42))?
15
Evaluate 934 + -856 + (4 + -7 + 2 - 7).
70
What is -156 + 180 + 13 + 2 + -9 + -1?
29
What is (-27 - (20 - (24 - -99))) + -20?
56
Calculate -12 - (9 + -12 + 12 - 0) - 5.
-26
(438 - 363) + (10 - 20)
65
-89 + 145 + 59 - 214
-99
45 + (12 - 70) - (2 + -40)
25
(9 - -1) + (41 - 40) + -6 + 31
36
Calculate 1870 - 1925 - (2 - -3).
-60
What is the value of 182 + -58 + 140 + -247?
17
690 - 736 - (-4 - (-6 + 0 + 16))
-32
Evaluate -11 + -1 + 2 + 88 + -53.
25
What is 20 + 36 + 73 + -42 + (-2 - -1)?
86
-3 + 2 + 11 + -81 + (21 - 11) - 11
-72
Calculate -8 - (1 - -1) - (139 + (34 - 111)).
-72
Calculate -71 - (52 + -52 - (-3 + -3)) - -14.
-63
What is the value of 860 + -836 + (1 - 16)?
9
Calculate (0 - -1 - (-8 - -2 - -2)) + 7 + 12.
24
What is the value of -15 - (0 + -42 + (-50 - -34))?
43
-3 - (-93 - (39 - 20 - 13 - 18))
78
Calculate 86 + (-79 + 41 - 149).
-101
What is the value of 18 + -13 + 17 + 3 + -8 + -7 + -83?
-73
2 + -3 + 3 + (-53 - -21) + 12
-18
What is -33 + 41 + 34 + -36?
6
Evaluate -50 + (-13 + 14 - 29 - -5).
-73
-2 - 135 - (-39 + (46 - (-35 + 29)))
-150
Evaluate (-227 - -230) + 0 + -17 - 21.
-35
30 - (1 + -12 + -10 + 13 - (1 - 0))
39
What is the value of -28 - -5 - (93 + -42 + 11) - (0 - 0)?
-85
Calculate (10 - -2) + 25 + -37 + -48 - -6.
-42
Calculate 15 - (3 + 30) - ((-15 - 1) + 22).
-24
Calculate 70 - -2 - (109 + -63).
26
What is the value of -8 + 97 + -9 - (7 + -7 + 10)?
70
What is -3 + 0 + 14 - ((23 + -24 - 9) + 46)?
-25
Calculate (632 - 658) + -5 + 1.
-30
Evaluate 8 + -23 + -1 - -31 - (16 - -1).
-2
What is -2 + -1 + (52 - (134 + -84)) + 1 + -46?
-46
(13 - ((31 - 30) + 166)) + 8
-146
What is the value of 2 + 19 + 28 + 11 + 7 + -7?
60
Evaluate -110 - (-13 - -35) - (-15 - (-9 + 5)).
-121
12666 + -12654 - (2 + 1 + -4 - -114)
-101
What is the value of 7 + -102 + 57 - (-12 - 1)?
-25
What is the value of 42 + -135 + (-10 - -60)?
-43
Calculate -1 + -61 + -4203 + 4210.
-55
What is -14 + (58 - 44) + -58?
-58
Evaluate 3 - ((-11 - -14) + 2 - -4) - -13.
7
-16 + (5 - (-10 + 9)) + -31
-41
Evaluate (196 - 257) + 84 + -40.
-17
What is the value of -6 + (6 + -106 - (11 - (3 + 29)))?
-85
What is 6 + -32 + -164 + 193 - 96?
-93
Evaluate -10 - (-19 + -13 + 4 + 20 + 10).
-12
Calculate 5143 + -5122 - (63 + -2).
-40
Evaluate 2 + 1 + (-6 - -3) + -1 + -26.
-27
Calculate -28 + (-5 - ((-11 - -20) + -29)).
-13
Calculate 16 - 0 - (-7 + 20) - -32.
35
What is (-156 - (-128 - 4)) + (-2 - 0)?
-26
-2 + (4 - 35 - (-4 + 5 - (15 - 12)))
-31
24 + -20 + -3 + 53
54
What is 64 - (-6 - (-15 - 0) - (58 - 56))?
57
What is the value of 82 - (102 - (19 - -17))?
16
Evaluate -205 + 224 + -2 + 2 - 9.
10
Calculate -1348 + 1436 - (62 + 3).
23
Evaluate -12 + 53 + (-13 - -23 - -20 - 24).
47
Evaluate 3 - (-30 + (-11 - -12)).
32
What is 26 + -44 + 11 + -2 + 0 - 21?
-30
Evaluate (25 + -16 + 12 - 10) + (5 - 14).
2
What is the value of -38 + (-21 - -26) - -18?
-15
What is the value of (-1970 - -1986) + (0 - (2 - (-102 - -5)))?
-83
-131 + 53 - -26 - -7
-45
-9 + (-12 - (17 - 34 - 12))
8
What is -4 - (-9 - (-5 + 16 - 45))?
-29
Calculate -4 + (-8 - (-36 - -10 - -2) - -9).
21
-70 + 63 + 29 + -70
-48
What is (0 - -16 - (626 + -620)) + -43?
-33
What is the value of (-27 - -52) + -84 + 97?
38
What is the value of 19 + 1 - (276 + -228) - -7?
-21
Calculate 34 - (56 - 67) - 78.
-33
Evaluate 226 + -198 + (0 - 10) + -9 + (-9 - 3).
-3
What is (-3 - (20 + (0 - -2) + -16)) + -21?
-30
2 + -72 + (-6 - (-15 + 5 + 1))
-67
Evaluate -7 - (-16 + (-54 - -37)).
26
Evaluate (-87 - 28) + 121 + 39.
45
What is -5 + (150 - 56) + -63?
26
What is -1 + -19 - (-95 + (57 - 0))?
18
What is 55 - (-2 + 3 + 7) - (36 - 38)?
49
Evaluate 42 - (-1 + 6 - (-12 + 32 + -26)).
31
Evaluate 122 + -18 + -26 - (51 + -43 - (8 - 0)).
78
Evaluate 133 - (198 + -70) - (1 - (-1 + 38)).
41
Calculate (-27 - (-30 - -23) - 4) + 75.
51
-1 + 69 - 1 - (5 - -64 - (31 + 30))
59
What is (-39 - -1) + 0 + -40 + 52 + (-2 - 3)?
-31
(-83 - -13) + (-8 - -15 - (7 + -12 + 12))
-70
-94 + (